

{"id":8542,"date":"2023-11-15T12:36:59","date_gmt":"2023-11-15T16:36:59","guid":{"rendered":"https:\/\/sites.temple.edu\/tudsc\/?page_id=8542"},"modified":"2024-12-04T12:24:25","modified_gmt":"2024-12-04T16:24:25","slug":"electronics-faire","status":"publish","type":"page","link":"https:\/\/sites.temple.edu\/tudsc\/electronics-faire\/","title":{"rendered":"Electronics Faire"},"content":{"rendered":"\n<p><strong>Submission Information<\/strong><\/p>\n\n\n\n<p>Submit Proposals <a href=\"https:\/\/docs.google.com\/forms\/d\/e\/1FAIpQLSdsklXBvhUuKx625FUdEzfGoYcACb0eesoAtME9sPeDl2YPjg\/viewform\">Using This Form<\/a><\/p>\n\n\n\n<p><strong>Deadline: 26 January 2025 11:59 PM <\/strong><\/p>\n\n\n\n<p><strong>Event Information:<\/strong><br>The Digital Scholars Studio at the Charles Library and the Music Technology Department at the Boyer College of Music and Dance invite submissions for organizations to table, individual or group paper presentations, workshops, performances, and artworks for the Low Tech Electronics Faire.<\/p>\n\n\n\n<p><strong>This Year\u2019s Theme, Low Tech<\/strong><\/p>\n\n\n\n<p>Low Tech follows the spirit of the low fidelity (lofi), low-tech, minimal computing, handmade, craft, and DIY movements and genres. Low Tech can be a bounded technical designation (adjacent to technical prefixes like smart or super), and\/or an abstracted aesthetic practice. Low Tech is not synonymous with analog: there are myriad examples of digital, low-tech networks, protocols, and objects. The prefix \u201clow\u201d can be applied to other technical designations including but not limited to things like low-power electronics and electronics that make use of low-level programming languages. Low Tech might be a process of looking through the history of technology to find something new in that which is old. As a methodology, a low tech essay could examine fundamental logics of circuit design and prototyping, electronic component manufacturing (from the handmade to the industrial), and counting and computation. As a practice, Low Tech could be something like weaving or drawing to explain a low-level programming concept, taking electronics apart, growing crystals at home, making ascii art, circuit bending to make music, breaking electronic parts (on purpose or on accident), salvaging electronic parts, making art with simple machines, powering electronics through something like the sun, winding a lever, or riding a bike. We welcome myriad interpretations and meditations on this theme.<\/p>\n\n\n\n<p><strong>Call For Proposals<\/strong><\/p>\n\n\n\n<p><strong>Workshops<\/strong><\/p>\n\n\n\n<p>Workshop Instructors will be compensated a $350 honorarium per workshop. Each workshop will be granted a budget of up to $150 for materials. Workshop sessions must be at least an hour and a half long and can be a maximum of four hours long. To preserve the intimacy and spirit of the event and our classroom sizes, some workshops will be capped at 8 participants each and some at 15. If your workshop requires a larger group, please indicate that on your application so we know what classroom size you will need. Keep in mind that a larger group will result in the same $150 materials budget.<\/p>\n\n\n\n<p><strong>Lo-dB Performances (curated by Sandra James and Michelle Temple)<\/strong><\/p>\n\n\n\n<p>Do you make hand-made electronic instruments? Looking for a performance venue? Open call for performers and low-tech instrument makers to play in our Low Decibel ensemble to showcase instruments that have been made with low-tech. For example, instruments that are made using discrete electronic components such as capacitors, resistors, inductors, transistors, and non-intelligent integrated circuits. Please see the inspiration links below! Open to groups or solo artists. Performances will close out the Electronics Faire on Friday March 14th in the afternoon through the early evening on the library\u2019s roof terrace.<\/p>\n\n\n\n<p><strong>Art Exhibition (curated by Ollie Goss and Hannah Tardie)<\/strong><\/p>\n\n\n\n<p>The Electronics Faire affiliated exhibition is open to artists, crafts people, and practitioners working in a variety of mediums that specifically engage with this year\u2019s theme, Low Tech. Low tech asks us to look at what we already have in the room and if from that we can discover something new. We are interested in lofi, do-it-yourself, and handmade approaches: images created by pinhole cameras, hand painted film, flip books, net art running on an obsolete browser, solar-powered radios, mail art, analog video, hand-cranked kinetic sculpture, glitch art, and scanner art, to name a few. We seek work that asks us to move slowly and we seek work that surprises us.<\/p>\n\n\n\n<hr class=\"wp-block-separator has-alpha-channel-opacity\" \/>\n\n\n\n<p><em><strong>Low-Tech Bibliography and Inspiration:<\/strong><\/em><\/p>\n\n\n\n<p><a href=\"https:\/\/go-dh.github.io\/mincomp\/about\/\">Minimal Computing<\/a><br><a href=\"https:\/\/solar.lowtechmagazine.com\/\">Low Tech Magazine<\/a><br><a href=\"https:\/\/www.kobakant.at\/DIY\/\">How To Get What You Want<\/a> Hannah Perner-Wilson<br><a href=\"https:\/\/www.ioanavrememoser.com\/sizzling-semiconductors\">Sizzling Semiconductors<\/a> Ioana Vreme Moser<br><a href=\"https:\/\/www.adachitomomi.com\/electronic-instruments\/\">Tupperware Electronic Instruments<\/a> ADACHI Tomomi<br><a href=\"https:\/\/everest-pipkin.com\/#games\/driftmine.html\">Drift Mine Satellite<\/a> Everest Pipkin<br><a href=\"https:\/\/www.notechmagazine.com\/main-categories\">No Tech Magazine<\/a><br><a href=\"https:\/\/www.canalprojects.org\/fernando-palma-rodriguez\"><em>\u0100mant\u0113cay\u014dtl: And When it Disappears, it is Said, the Moon has Died<\/em>,<\/a> Fernando Palma Rodr\u00edguez<br><a href=\"https:\/\/www.allanwexlerstudio.com\/projects\/how-build-digital-brick-wall-2009\">How to Build a Digital Brick Wall<\/a> Allan Wexler<br><a href=\"https:\/\/www.solarserver.games\/\">Solar Server for Video Games<\/a> Kara Stone<br><a href=\"https:\/\/agentecostura.art\/\">Textile Instruments<\/a> Agente Cosura \/ Lisa Simpson<br><a href=\"https:\/\/archive.org\/details\/ebook-hay.net-van-vat-van-hanh-nhu-the-nao-eng\">The New Way Things Work<\/a> David Macaulay<br>Neo-Luddite Reading Groups<br><a href=\"https:\/\/www.johncage.org\/pp\/John-Cage-Work-Detail.cfm?work_ID=104\">Imaginary Landscape No. 4<\/a> John Cage<br><a href=\"https:\/\/riosriosrios.com\/vape-synth.html\">Vape Synth<\/a> David Rios, Kari Love, Shuang Cai, and Becky Stern<br><a href=\"https:\/\/permacomputing.net\/\">Permacomputing<\/a><br><a href=\"https:\/\/manifold.umn.edu\/read\/untitled-edba05d8-fc2e-4be6-a906-2b799ad88247\/section\/722f6e48-7f8d-4d13-8bfb-0416503a25e6\">How to Do Things with Sensors<\/a> Jennifer Gabrys<br><a href=\"http:\/\/www.loloysosaku.com\/exhibitions-events\/painting-machines-iiii\/\">Painting Machines<\/a> Lolo y Sosaku<br><a href=\"https:\/\/loliel.narod.ru\/DIY.pdf\">Handmade Electronic Music<\/a> Nicholas Collins<br><a href=\"https:\/\/netabomani.com\/darkmatter\/\">Dark Matter Objects Zine<\/a> Neta Bomani<br><a href=\"https:\/\/coryarcangel.com\/things-i-made\/2002-001-super-mario-clouds\">Super Mario Clouds<\/a> Cory Archangel<br>Low Power Electronics<br><a href=\"https:\/\/janneschimmel.com\/Case-Mod-3\">Case Mod<\/a> by Janne Schimmel<br><a href=\"https:\/\/cultureandcommunication.org\/galloway\/uncomputable-ephemera\">Uncomputable Ephemera<\/a> Alex Galloway<br><a href=\"http:\/\/taeyoonchoi.com\/poetic-computation\/handmade-computers\/\">Handmade Computers<\/a> Taeyoon Choi<br><a href=\"http:\/\/www.katyarozanova.com\/sound-objects\/2021\/11\/27\/bread-symphony-a-cross-species-collaboration-for-material-and-spiritual-nourishment\">Bread Symphony<\/a> Katya Rozanova, Ashley Jane Lewis, and Max Horwich<br><a href=\"https:\/\/temple2temple.com\/projects\/circuit-experiments\/\">Circuit Experiments<\/a> Michelle Temple<br><a href=\"https:\/\/tiny-inter.net\/\">Tiny Internet<\/a> Spencer Chang<br><a href=\"https:\/\/www.culturehub.org\/open-garden\">Open Garden<\/a> Alice Yuan Zhang<br><a href=\"https:\/\/go-dh.github.io\/mincomp\/thoughts\/2020\/07\/21\/minimal-ontology\/\">Minimal Computing and Ontologies<\/a> Erik Radio<br><a href=\"https:\/\/alt-text-as-poetry.net\/\">Alt-Text as Poetry<\/a> Finnegan and Bojana<br><a href=\"https:\/\/cristobal.space\/writing\/folk-computer.html\">Towards a Folk Computer<\/a> Crist\u00f3bal Sciutto<br><a href=\"https:\/\/electronicbookreview.com\/essay\/materiality-and-matter-and-stuff-what-electronic-texts-are-made-of\/\">Materiality and Matter and Stuff: What Electronic Texts Are Made Of<\/a> Matthew G. Kirschenbaum<br><a href=\"https:\/\/ournetworks.ca\/about\/\">Our Networks Conference<\/a><\/p>\n","protected":false},"excerpt":{"rendered":"<p>Submission Information Submit Proposals Using This Form Deadline: 26 January 2025 11:59 PM Event Information:The Digital Scholars Studio at the Charles Library and the Music Technology Department at the Boyer College of&#8230;<\/p>\n","protected":false},"author":35723,"featured_media":8548,"parent":0,"menu_order":0,"comment_status":"closed","ping_status":"closed","template":"","meta":{"_monsterinsights_skip_tracking":false,"_monsterinsights_sitenote_active":false,"_monsterinsights_sitenote_note":"","_monsterinsights_sitenote_category":0,"footnotes":""},"class_list":["post-8542","page","type-page","status-publish","has-post-thumbnail","hentry"],"_links":{"self":[{"href":"https:\/\/sites.temple.edu\/tudsc\/wp-json\/wp\/v2\/pages\/8542","targetHints":{"allow":["GET"]}}],"collection":[{"href":"https:\/\/sites.temple.edu\/tudsc\/wp-json\/wp\/v2\/pages"}],"about":[{"href":"https:\/\/sites.temple.edu\/tudsc\/wp-json\/wp\/v2\/types\/page"}],"author":[{"embeddable":true,"href":"https:\/\/sites.temple.edu\/tudsc\/wp-json\/wp\/v2\/users\/35723"}],"replies":[{"embeddable":true,"href":"https:\/\/sites.temple.edu\/tudsc\/wp-json\/wp\/v2\/comments?post=8542"}],"version-history":[{"count":5,"href":"https:\/\/sites.temple.edu\/tudsc\/wp-json\/wp\/v2\/pages\/8542\/revisions"}],"predecessor-version":[{"id":9328,"href":"https:\/\/sites.temple.edu\/tudsc\/wp-json\/wp\/v2\/pages\/8542\/revisions\/9328"}],"wp:featuredmedia":[{"embeddable":true,"href":"https:\/\/sites.temple.edu\/tudsc\/wp-json\/wp\/v2\/media\/8548"}],"wp:attachment":[{"href":"https:\/\/sites.temple.edu\/tudsc\/wp-json\/wp\/v2\/media?parent=8542"}],"curies":[{"name":"wp","href":"https:\/\/api.w.org\/{rel}","templated":true}]}}