

{"id":2035,"date":"2020-05-26T17:31:03","date_gmt":"2020-05-26T17:31:03","guid":{"rendered":"https:\/\/sites.temple.edu\/cnltu\/?page_id=2035"},"modified":"2025-05-20T14:57:21","modified_gmt":"2025-05-20T14:57:21","slug":"busra-tanriverdi","status":"publish","type":"page","link":"https:\/\/sites.temple.edu\/cnltu\/people\/busra-tanriverdi\/","title":{"rendered":"B\u00fc\u015fra Tanr\u0131verdi"},"content":{"rendered":"\t\t<div data-elementor-type=\"wp-page\" data-elementor-id=\"2035\" class=\"elementor elementor-2035\">\n\t\t\t\t\t\t<section class=\"elementor-section elementor-top-section elementor-element elementor-element-631c1d4b elementor-section-boxed elementor-section-height-default elementor-section-height-default\" data-id=\"631c1d4b\" data-element_type=\"section\" data-e-type=\"section\">\n\t\t\t\t\t\t<div class=\"elementor-container elementor-column-gap-default\">\n\t\t\t\t\t<div class=\"elementor-column elementor-col-100 elementor-top-column elementor-element elementor-element-2a272e8b\" data-id=\"2a272e8b\" data-element_type=\"column\" data-e-type=\"column\">\n\t\t\t<div class=\"elementor-widget-wrap elementor-element-populated\">\n\t\t\t\t\t\t<div class=\"elementor-element elementor-element-47f10273 elementor-widget elementor-widget-text-editor\" data-id=\"47f10273\" data-element_type=\"widget\" data-e-type=\"widget\" data-widget_type=\"text-editor.default\">\n\t\t\t\t<div class=\"elementor-widget-container\">\n\t\t\t\t\t\t\t\t\t<p><img fetchpriority=\"high\" decoding=\"async\" class=\"size-medium wp-image-2777 aligncenter\" src=\"https:\/\/sites.temple.edu\/cnltu\/files\/2022\/03\/bto2-300x289.png\" alt=\"\" width=\"300\" height=\"289\" \/><\/p><p style=\"text-align: center\"><a style=\"font-family: Trebuchet MS, Helvetica, sans-serif, var(--nv-fallback-ff);letter-spacing: 0px;background-color: var(--nv-site-bg)\" href=\"https:\/\/docs.google.com\/document\/d\/1DoL2CTRuizV6jyIpMWUS2Vdf-V701cK6HyUO3UNAi6o\/edit?userstoinvite=tug04906@temple.edu\" target=\"_blank\" rel=\"noopener\">CV<\/a><\/p><p style=\"text-align: left\"><b style=\"color: #008000;font-family: Trebuchet MS, Helvetica, sans-serif, var(--nv-fallback-ff);font-size: 1.5em;letter-spacing: 0px;background-color: var(--nv-site-bg)\">Graduate Student<\/b><\/p><p><b>Temple University<\/b><\/p><p><i>Cognitive Neuroscience Laboratory\u00a0<\/i><\/p><p><b>Expected Graduation:\u00a0<\/b>May 2025<\/p><p><b>Ongoing Projects:<\/b><\/p><ul><li>Neural reactivation at awake rest &amp; its effects on subsequent retrieval<\/li><li>Medial Temporal Lobe (MTL) involvement in emotional face processing in people with recent traumatic experiences<\/li><\/ul><div>\u00a0<\/div><p><b>Research Interests:<\/b><\/p><ul><li>Memory consolidation through neural replay\/reactivation<\/li><li>Neural basis of emotional memory across development &amp; across healthy and clinical populations<\/li><li>Memory of social events and person perception<\/li><\/ul><div>\u00a0<\/div><p><b>About Me:<\/b><\/p><p>B\u00fc\u015fra is a graduate student in the Cognition and Neuroscience area of the department, co-mentored by Drs. Ingrid Olson and Jason Chein. Her research broadly focuses on understanding how affective processes interact with learning and memory and are utilized for decision making. Current projects include using MRI to investigate post-encoding memory replay and its implications in memory retrieval. With a deep interest in emotional and traumatic memories, she actively collaborates with Dr Murty, and co-leads an interdisciplinary Trauma Reading Group in the program. In her free time, she enjoys watercolor painting, socializing with her friends, and exploring Philly.<\/p>\t\t\t\t\t\t\t\t<\/div>\n\t\t\t\t<\/div>\n\t\t\t\t\t<\/div>\n\t\t<\/div>\n\t\t\t\t\t<\/div>\n\t\t<\/section>\n\t\t\t\t<\/div>\n\t\t","protected":false},"excerpt":{"rendered":"<p>CV Graduate Student Temple University Cognitive Neuroscience Laboratory\u00a0 Expected Graduation:\u00a0May 2025 Ongoing Projects: Neural reactivation at awake rest &amp; its effects on subsequent retrieval Medial Temporal Lobe (MTL) involvement in emotional face processing in people with recent traumatic experiences \u00a0 Research Interests: Memory consolidation through neural replay\/reactivation Neural basis of emotional memory across development &amp;&hellip;&nbsp;<a href=\"https:\/\/sites.temple.edu\/cnltu\/people\/busra-tanriverdi\/\" rel=\"bookmark\">Read More &raquo;<span class=\"screen-reader-text\">B\u00fc\u015fra Tanr\u0131verdi<\/span><\/a><\/p>\n","protected":false},"author":19956,"featured_media":0,"parent":1885,"menu_order":0,"comment_status":"closed","ping_status":"closed","template":"","meta":{"_coblocks_attr":"","_coblocks_dimensions":"","_coblocks_responsive_height":"","_coblocks_accordion_ie_support":"","neve_meta_sidebar":"full-width","neve_meta_container":"","neve_meta_enable_content_width":"on","neve_meta_content_width":100,"neve_meta_title_alignment":"","neve_meta_author_avatar":"","neve_post_elements_order":"","neve_meta_disable_header":"","neve_meta_disable_footer":"","neve_meta_disable_title":"","jetpack_post_was_ever_published":false,"footnotes":""},"class_list":["post-2035","page","type-page","status-publish","hentry"],"yoast_head":"<!-- This site is optimized with the Yoast SEO plugin v27.1.1 - https:\/\/yoast.com\/product\/yoast-seo-wordpress\/ -->\n<title>B\u00fc\u015fra Tanr\u0131verdi - Cognitive Neuroscience Laboratory<\/title>\n<meta name=\"robots\" content=\"index, follow, max-snippet:-1, max-image-preview:large, max-video-preview:-1\" \/>\n<link rel=\"canonical\" href=\"https:\/\/sites.temple.edu\/cnltu\/people\/busra-tanriverdi\/\" \/>\n<meta property=\"og:locale\" content=\"en_US\" \/>\n<meta property=\"og:type\" content=\"article\" \/>\n<meta property=\"og:title\" content=\"B\u00fc\u015fra Tanr\u0131verdi - Cognitive Neuroscience Laboratory\" \/>\n<meta property=\"og:description\" content=\"CV Graduate Student Temple University Cognitive Neuroscience Laboratory\u00a0 Expected Graduation:\u00a0May 2025 Ongoing Projects: Neural reactivation at awake rest &amp; its effects on subsequent retrieval Medial Temporal Lobe (MTL) involvement in emotional face processing in people with recent traumatic experiences \u00a0 Research Interests: Memory consolidation through neural replay\/reactivation Neural basis of emotional memory across development &amp;&hellip;&nbsp;Read More &raquo;B\u00fc\u015fra Tanr\u0131verdi\" \/>\n<meta property=\"og:url\" content=\"https:\/\/sites.temple.edu\/cnltu\/people\/busra-tanriverdi\/\" \/>\n<meta property=\"og:site_name\" content=\"Cognitive Neuroscience Laboratory\" \/>\n<meta property=\"article:modified_time\" content=\"2025-05-20T14:57:21+00:00\" \/>\n<meta name=\"twitter:label1\" content=\"Est. reading time\" \/>\n\t<meta name=\"twitter:data1\" content=\"1 minute\" \/>\n<script type=\"application\/ld+json\" class=\"yoast-schema-graph\">{\"@context\":\"https:\/\/schema.org\",\"@graph\":[{\"@type\":\"WebPage\",\"@id\":\"https:\/\/sites.temple.edu\/cnltu\/people\/busra-tanriverdi\/\",\"url\":\"https:\/\/sites.temple.edu\/cnltu\/people\/busra-tanriverdi\/\",\"name\":\"B\u00fc\u015fra Tanr\u0131verdi - Cognitive Neuroscience Laboratory\",\"isPartOf\":{\"@id\":\"https:\/\/sites.temple.edu\/cnltu\/#website\"},\"primaryImageOfPage\":{\"@id\":\"https:\/\/sites.temple.edu\/cnltu\/people\/busra-tanriverdi\/#primaryimage\"},\"image\":{\"@id\":\"https:\/\/sites.temple.edu\/cnltu\/people\/busra-tanriverdi\/#primaryimage\"},\"thumbnailUrl\":\"https:\/\/sites.temple.edu\/cnltu\/files\/2022\/03\/bto2-300x289.png\",\"datePublished\":\"2020-05-26T17:31:03+00:00\",\"dateModified\":\"2025-05-20T14:57:21+00:00\",\"breadcrumb\":{\"@id\":\"https:\/\/sites.temple.edu\/cnltu\/people\/busra-tanriverdi\/#breadcrumb\"},\"inLanguage\":\"en-US\",\"potentialAction\":[{\"@type\":\"ReadAction\",\"target\":[\"https:\/\/sites.temple.edu\/cnltu\/people\/busra-tanriverdi\/\"]}]},{\"@type\":\"ImageObject\",\"inLanguage\":\"en-US\",\"@id\":\"https:\/\/sites.temple.edu\/cnltu\/people\/busra-tanriverdi\/#primaryimage\",\"url\":\"\",\"contentUrl\":\"\"},{\"@type\":\"BreadcrumbList\",\"@id\":\"https:\/\/sites.temple.edu\/cnltu\/people\/busra-tanriverdi\/#breadcrumb\",\"itemListElement\":[{\"@type\":\"ListItem\",\"position\":1,\"name\":\"Home\",\"item\":\"https:\/\/sites.temple.edu\/cnltu\/\"},{\"@type\":\"ListItem\",\"position\":2,\"name\":\"People\",\"item\":\"https:\/\/sites.temple.edu\/cnltu\/people\/\"},{\"@type\":\"ListItem\",\"position\":3,\"name\":\"B\u00fc\u015fra Tanr\u0131verdi\"}]},{\"@type\":\"WebSite\",\"@id\":\"https:\/\/sites.temple.edu\/cnltu\/#website\",\"url\":\"https:\/\/sites.temple.edu\/cnltu\/\",\"name\":\"Cognitive Neuroscience Laboratory\",\"description\":\"Primary Investigator: Ingrid R. Olson, Ph.D.\",\"potentialAction\":[{\"@type\":\"SearchAction\",\"target\":{\"@type\":\"EntryPoint\",\"urlTemplate\":\"https:\/\/sites.temple.edu\/cnltu\/?s={search_term_string}\"},\"query-input\":{\"@type\":\"PropertyValueSpecification\",\"valueRequired\":true,\"valueName\":\"search_term_string\"}}],\"inLanguage\":\"en-US\"}]}<\/script>\n<!-- \/ Yoast SEO plugin. -->","yoast_head_json":{"title":"B\u00fc\u015fra Tanr\u0131verdi - Cognitive Neuroscience Laboratory","robots":{"index":"index","follow":"follow","max-snippet":"max-snippet:-1","max-image-preview":"max-image-preview:large","max-video-preview":"max-video-preview:-1"},"canonical":"https:\/\/sites.temple.edu\/cnltu\/people\/busra-tanriverdi\/","og_locale":"en_US","og_type":"article","og_title":"B\u00fc\u015fra Tanr\u0131verdi - Cognitive Neuroscience Laboratory","og_description":"CV Graduate Student Temple University Cognitive Neuroscience Laboratory\u00a0 Expected Graduation:\u00a0May 2025 Ongoing Projects: Neural reactivation at awake rest &amp; its effects on subsequent retrieval Medial Temporal Lobe (MTL) involvement in emotional face processing in people with recent traumatic experiences \u00a0 Research Interests: Memory consolidation through neural replay\/reactivation Neural basis of emotional memory across development &amp;&hellip;&nbsp;Read More &raquo;B\u00fc\u015fra Tanr\u0131verdi","og_url":"https:\/\/sites.temple.edu\/cnltu\/people\/busra-tanriverdi\/","og_site_name":"Cognitive Neuroscience Laboratory","article_modified_time":"2025-05-20T14:57:21+00:00","twitter_misc":{"Est. reading time":"1 minute"},"schema":{"@context":"https:\/\/schema.org","@graph":[{"@type":"WebPage","@id":"https:\/\/sites.temple.edu\/cnltu\/people\/busra-tanriverdi\/","url":"https:\/\/sites.temple.edu\/cnltu\/people\/busra-tanriverdi\/","name":"B\u00fc\u015fra Tanr\u0131verdi - Cognitive Neuroscience Laboratory","isPartOf":{"@id":"https:\/\/sites.temple.edu\/cnltu\/#website"},"primaryImageOfPage":{"@id":"https:\/\/sites.temple.edu\/cnltu\/people\/busra-tanriverdi\/#primaryimage"},"image":{"@id":"https:\/\/sites.temple.edu\/cnltu\/people\/busra-tanriverdi\/#primaryimage"},"thumbnailUrl":"https:\/\/sites.temple.edu\/cnltu\/files\/2022\/03\/bto2-300x289.png","datePublished":"2020-05-26T17:31:03+00:00","dateModified":"2025-05-20T14:57:21+00:00","breadcrumb":{"@id":"https:\/\/sites.temple.edu\/cnltu\/people\/busra-tanriverdi\/#breadcrumb"},"inLanguage":"en-US","potentialAction":[{"@type":"ReadAction","target":["https:\/\/sites.temple.edu\/cnltu\/people\/busra-tanriverdi\/"]}]},{"@type":"ImageObject","inLanguage":"en-US","@id":"https:\/\/sites.temple.edu\/cnltu\/people\/busra-tanriverdi\/#primaryimage","url":"","contentUrl":""},{"@type":"BreadcrumbList","@id":"https:\/\/sites.temple.edu\/cnltu\/people\/busra-tanriverdi\/#breadcrumb","itemListElement":[{"@type":"ListItem","position":1,"name":"Home","item":"https:\/\/sites.temple.edu\/cnltu\/"},{"@type":"ListItem","position":2,"name":"People","item":"https:\/\/sites.temple.edu\/cnltu\/people\/"},{"@type":"ListItem","position":3,"name":"B\u00fc\u015fra Tanr\u0131verdi"}]},{"@type":"WebSite","@id":"https:\/\/sites.temple.edu\/cnltu\/#website","url":"https:\/\/sites.temple.edu\/cnltu\/","name":"Cognitive Neuroscience Laboratory","description":"Primary Investigator: Ingrid R. Olson, Ph.D.","potentialAction":[{"@type":"SearchAction","target":{"@type":"EntryPoint","urlTemplate":"https:\/\/sites.temple.edu\/cnltu\/?s={search_term_string}"},"query-input":{"@type":"PropertyValueSpecification","valueRequired":true,"valueName":"search_term_string"}}],"inLanguage":"en-US"}]}},"jetpack_sharing_enabled":true,"_links":{"self":[{"href":"https:\/\/sites.temple.edu\/cnltu\/wp-json\/wp\/v2\/pages\/2035","targetHints":{"allow":["GET"]}}],"collection":[{"href":"https:\/\/sites.temple.edu\/cnltu\/wp-json\/wp\/v2\/pages"}],"about":[{"href":"https:\/\/sites.temple.edu\/cnltu\/wp-json\/wp\/v2\/types\/page"}],"author":[{"embeddable":true,"href":"https:\/\/sites.temple.edu\/cnltu\/wp-json\/wp\/v2\/users\/19956"}],"replies":[{"embeddable":true,"href":"https:\/\/sites.temple.edu\/cnltu\/wp-json\/wp\/v2\/comments?post=2035"}],"version-history":[{"count":5,"href":"https:\/\/sites.temple.edu\/cnltu\/wp-json\/wp\/v2\/pages\/2035\/revisions"}],"predecessor-version":[{"id":3934,"href":"https:\/\/sites.temple.edu\/cnltu\/wp-json\/wp\/v2\/pages\/2035\/revisions\/3934"}],"up":[{"embeddable":true,"href":"https:\/\/sites.temple.edu\/cnltu\/wp-json\/wp\/v2\/pages\/1885"}],"wp:attachment":[{"href":"https:\/\/sites.temple.edu\/cnltu\/wp-json\/wp\/v2\/media?parent=2035"}],"curies":[{"name":"wp","href":"https:\/\/api.w.org\/{rel}","templated":true}]}}